-89 + 1)/((-27)/108) - -5. Let p = v - 314. What is the remainder when 125 is divided by p?
39
Let j(f) = -28*f**2 - 1491*f + 51. Calculate the remainder when j(-53) is divided by 213.
209
Suppose 24 = 2*h - 4*v - 30, -4*v = 4*h - 36. Calculate the remainder when 1304 is divided by h.
14
Suppose 0 = q - 3*r - 13, -4*r - 20 = -5*q + 3*q. Suppose -q*p + 237 - 49 = 0. Let a = -2152 - -2164. Calculate the remainder when p is divided by a.
11
Let g(s) = -s**2 - 10*s - 21. Let x be g(-9). Calculate the remainder when -1*(-3)/x*-388 is divided by 14.
13
Suppose v - 3*k = 28 + 22, -5*v = -3*k - 202. Suppose 37*j - 7051 + 18188 = 0. Let w = j - -311. Calculate the remainder when v is divided by w.
8
Suppose 0 = -5*g + 60*i - 57*i + 877, -g = -2*i - 181. What is the remainder when g is divided by 58?
57
Let c(i) = -21*i + 129. Let k be c(6). Suppose 11*y - 14*y - 82 = -w, k*y - 282 = -3*w. What is the remainder when 362 is divided by w?
89
Let v(z) = -z**2 - 10*z + 8. Suppose -9*o = -18*o - 2*g + 537, 0 = 3*o + 4*g - 219. Calculate the remainder when o is divided by v(-7).
28
Suppose 12*n - 1723 = 3461. Suppose -30*g = -6*g - n. What is the remainder when g is divided by 4?
2
Let v = 473 - 507. Let o(b) = -8*b - 113. Calculate the remainder when o(v) is divided by 11.
5
Let p(h) = h**2 - 7*h - 18. Let j = -128 - -169. Calculate the remainder when p(14) is divided by j.
39
Suppose -9 + 181 = 4*t. Let q(k) = 10*k**2 + 95*k - 412. Calculate the remainder when q(4) is divided by t.
42
Let v = 240 - 206. Let w be -3*(-3)/18*1*-2. Let z(s) = 5*s**2 - s + 1. Calculate the remainder when v is divided by z(w).
6
Let a(t) = 380*t - 7872. Calculate the remainder when 482 is divided by a(21).
50
Suppose 0 = 2*p - 3*g - 143, p + 68 = 2*p + 2*g. Let h be ((-170)/(-4))/(17/34). Let o = h - p. Calculate the remainder when 56 is divided by o.
11
Let f = -158 + 92. Let s be 2/(-3) + (-8)/(-3) + -1. Calculate the remainder when 41 is divided by f*(s + (-20)/15).
19
Suppose 648 = 9*s - 2475. Let y = s - 335. What is the remainder when 42 is divided by y?
6
Suppose -5*g + 0*h = 4*h - 61, -3*g + 4*h + 43 = 0. Suppose g + 23 = -3*u. What is the remainder when 822/u*1/(2/(-4)) is divided by 20?
17
Let o = -24 + 94. What is the remainder when o is divided by -1*((-207)/(-30) + -7) + 478/20?
22
Suppose 0 = -157*a + 14673 + 19553. Suppose 4*v - 87 = 89. What is the remainder when a is divided by v?
42
Let v = 8 + 26. Let g be ((-2)/(-2))/(-1) - -232. Suppose -2*x + g = 31. What is the remainder when x is divided by v?
32
Suppose 4*p - 3*h = 3134, 8*h - 10*h + 778 = p. Let i = -61 - -159. Calculate the remainder when p is divided by i.
96
Suppose 0 = 2*w - k + 5*k - 22, 20 = 5*k. Calculate the remainder when 360 is divided by (-18513)/(-204) - -2*w/24.
87
Suppose 100*g - 103*g + 4*q + 139 = 0, 3*g - 169 = -2*q. Calculate the remainder when g is divided by 10.
3
Suppose -j + 31 = 2*q, -10*j + 7*j = -q - 2. What is the remainder when 5274 is divided by q?
9
Suppose -b - 25 = -5*v + 42, -5*v + 3*b = -71. Suppose -3*c - 204 = -3*n, 206 = 16*n - v*n - c. Calculate the remainder when n is divided by 14.
13
Suppose 5*m - 2*y - 1355 = 3952, 4*m - 4*y - 4248 = 0. Calculate the remainder when m is divided by 6.
5
Suppose -3*z - k + 97 = 0, -21*z - 4*k - 15 = -22*z. What is the remainder when 864 is divided by z?
27
Let i(f) = 13*f**2 - 196*f + 280. Calculate the remainder when 337 is divided by i(14).
1
Let d = -251 - -254. Suppose 0 = -d*f - 4*j + 47, -2*f - 24 = -4*f + j. Calculate the remainder when 45 is divided by f.
6
Suppose -4*h = -172 - 72. Suppose 79 = 6*p + h. Suppose t = -p*n + 38, 3*t - 158 = 4*n - 2*n. Calculate the remainder when t is divided by 17.
16
Suppose -4*j - 1975 = -7175. Suppose -11*g + g + j = 0. Calculate the remainder when g is divided by 17.
11
Let x(k) = 3*k**2 + 128*k + 1586. Calculate the remainder when x(-19) is divided by (-2)/(-4) + (-134)/(-4).
33
Suppose -9*a + 936 = -3*a. Let j = a - 144. What is the remainder when 26 is divided by j?
2
Let v = -19242 - -19524. Calculate the remainder when v is divided by 51.
27
Let l = 61 + -50. Let v = l + -11. Let c(r) = r**2 - 3*r + 19. Calculate the remainder when c(v) is divided by 11.
8
Let b(g) = -4*g**2 + 10*g - 1. Let y be b(6). Let a = y - -294. What is the remainder when a is divided by 10?
9
Let q = 3352 + -3307. Calculate the remainder when 1033 is divided by q.
43
Let y(t) = -2*t**2 - 179*t + 363. Calculate the remainder when 242 is divided by y(-91).
62
Suppose 43*c - 42*c = -3*l + 14, -2*l = 3*c - 70. Calculate the remainder when 383 is divided by c.
19
Suppose -6*r = -i - 9*r - 8, -r = i. Suppose l + 412 = 4*p, 4*p + i*l = 9*l + 412. Calculate the remainder when p is divided by 2/(-3) - 80/(-3).
25
Suppose -4*m = 3*i - 8, -2*m = 4*i - i - 16. What is the remainder when 7/(84/(-9)) + 118/i is divided by 4?
2
Let u be 69/6 - ((-21)/6 + 4). Suppose 970 = u*r + 332. Calculate the remainder when r is divided by 7.
2
Let f(x) = 4*x**2 - 12*x + 8. What is the remainder when 527 is divided by f(4)?
23
Let l(p) = p**2 - 5. Suppose -t - 3*t = u + 32, -t + 5*u - 8 = 0. Let y(b) = -3*b - 12. Calculate the remainder when l(5) is divided by y(t).
8
Suppose -5*d + 1 = -9. Suppose -3*v + 75 = 10*f - 8*f, -4*v + 86 = -2*f. What is the remainder when d - (-129 - -1)/2 is divided by v?
20
Let z(o) = 1 + 11*o + 28*o - 26 - 27*o. Calculate the remainder when 14 is divided by z(3).
3
Suppose 3*f + 18041 = 5*v, -4*v + 2*f = 421 - 14853. What is the remainder when v is divided by 9?
7
Let o(j) be the third derivative of 13/60*j**5 + 1/6*j**3 + 16*j**2 + 0*j + 1/8*j**4 + 0. Calculate the remainder when o(-2) is divided by 17.
13
Let r be -3 - 2*58/(-4). What is the remainder when 36 - 13/(r/(-4)) is divided by 27?
11
Let w be (-77)/2*2 - -1. Let y = 110 + w. Suppose -110*m - 63 = -117*m. What is the remainder when y is divided by m?
7
Suppose 23*f = 33*f. Suppose 16*t - 111 - 17 = f. Calculate the remainder when 14 is divided by t.
6
Let l = -21826 - -22471. What is the remainder when l is divided by 294?
57
Let v(n) = 11*n**2 - 3*n + 1. Let c = 4 + -2. Let f = -129 + 139. Calculate the remainder when v(c) is divided by f.
9
Suppose 0 = -5*c + 5*g + 100, 10*c - 9*c = -4*g + 40. Suppose -10*o = -2*o + c. Let h(b) = -b**2 - 9*b - 7. What is the remainder when 52 is divided by h(o)?
8
Suppose -75589 - 263211 = -242*f. Calculate the remainder when 2817 is divided by f.
17
Let a = -237 + 246. What is the remainder when 32 is divided by a - -13 - (1 - -2)?
13
Let x(c) = -2*c**2 - 3*c + 5. Let z be x(-4). Let t = 92 + z. Calculate the remainder when t is divided by 26.
25
Suppose -9*c = -c + 8. Let h be c - -2 - -1*12. Let j = 1 + h. Calculate the remainder when 81 is divided by j.
11
Suppose -34*d + 7*d = -1080. What is the remainder when 10997 is divided by d?
37
Let g(u) = -82*u - 1029. Calculate the remainder when 5398 is divided by g(-13).
33
Let u(n) be the first derivative of n**2/2 + 22*n - 49. Let t(a) = 3*a**2 - 4*a - 3. Calculate the remainder when t(-4) is divided by u(-6).
13
Suppose -5*r - 635 + 9106 = -4*v, r + 5*v = 1700. Calculate the remainder when r is divided by 27.
21
Let b(z) = -136*z - 1077. Let i = -45 + -11. Let u = 86 + i. Calculate the remainder when u is divided by b(-8).
8
Let b = -44996 - -45070. Let k(w) = 5*w**2 + 2*w + 3. Calculate the remainder when b is divided by k(-2).
17
Let w(z) = -2*z**3 - 53*z**2 + 86*z + 106. What is the remainder when 896 is divided by w(-28)?
46
Let i(c) = 6*c - 53. Let w = 36 - 36. Suppose w = q - 3 - 8. What is the remainder when 63 is divided by i(q)?
11
Suppose 0 = -4*z - 5*t + 15, -3*z + 2*t - 10 + 27 = 0. Suppose q + 124 = -z*s + 380, -s + q + 50 = 0. Calculate the remainder when s is divided by 21.
9
Suppose 0 = -11*h + 9*h. Let l be 1 + h + -72 + -1. What is the remainder when (234/l)/(1/(-12)) is divided by 8?
7
Suppose 5*q + 237 - 242 = 2*x, 5*x + 5*q = 110. What is the remainder when 834 is divided by x?
9
Let k(g) = -g**3 + 9*g**2 - 7*g - 4. Let z(m) = m**3 - 61*m**2 + 40*m - 2364. Calculate the remainder when z(61) is divided by k(8).
0
Calculate the remainder when 118 is divided by 3289/(-23)*(-1)/(44/8).
14
Let d = 31949 + -31760. Calculate the remainder